
Evaluate 0 - 18 - (-91 + 85).
-12
Calculate -14 - (-4 - (-8 - -7 - 2)).
-13
What is 17 + 13 + -14 + (-8 - 1)?
7
What is the value of -14 + 1 + 13 + -6?
-6
Calculate -40 - (-26 + -14 + 24).
-24
What is 5 - (22 - 6 - (0 - (5 + -4)))?
-12
-17 - (-20 + 7) - 0
-4
-5 - (-4 + 17 + -7 + 1)
-12
4 + 8 + -12 - (0 + -2 - -5)
-3
Evaluate -2 - ((1 + -12 - (-38 + 33)) + 2).
2
What is -6 - (9 + (-15 - -6)) - -3?
-3
Calculate -2 + (0 + 0 + -1 - (282 + -279)).
-6
Calculate (-5 - 0) + (-13 - -1) + 31 + 7.
21
Evaluate -16 + 14 + 14 + -4 - 0.
8
What is the value of (8 - (3 + 0)) + 6 + -26 + 3?
-12
-17 - (1 - (3 + (-2 - -7 - 0)))
-10
-82 + 98 - (37 - 3)
-18
What is the value of 85 + -73 + 4 + (1 - 6) + -4?
7
What is 14 + (17 + -48 - -5)?
-12
Evaluate -16 + (-13 - (-1 + -17)) + 16.
5
Calculate -4 - ((-7 - -8) + -13).
8
Calculate 346 + -375 - (1 + -40).
10
-17 + 1 - ((0 - -3) + (-259 - -258))
-18
What is the value of -29 + 18 + -5 + (11 - 6)?
-11
What is the value of 18 - (6 + 21 + -9)?
0
What is (13 - 0) + 10 + -10?
13
-16 + 10 + 1 - (-7 + 18)
-16
20 - 8 - (-7 + 10 + 4)
5
What is the value of 3 - (-6 + (52 - 27))?
-16
Calculate 8 - (7 - -2) - -2 - (-2 - -7).
-4
Evaluate (2 - 16) + 14 + (10 - 19).
-9
Evaluate -53 + 2 + (-2 - -22).
-31
(36 - 30) + (-1 + -4 - -1) + 7
9
What is 4 - (9 + -5) - 12 - (5 + -5)?
-12
27 - 2 - (-36 + 75 + -28)
14
What is the value of 27 - (13 + 7) - (-1 + 6)?
2
Evaluate 12 + 3 + -5 + -1 - (-107 + 108).
8
What is the value of (-13 - (-2 - 3)) + 14?
6
18 + -10 + 5 + -5
8
What is -9 + (2 - (5 + -11 + 7 - -7))?
-15
What is the value of -12 + 3 - (27 + -24)?
-12
What is -15 - (17 - 5 - (4 + 18))?
-5
Calculate 74 - (-43 + 53 - -26).
38
Calculate 2 + -1 + 5 + (-24 - -7).
-11
What is -8 - (-18 - -19) - (-2 + 0)?
-7
21 + -4 + -1 + -10
6
Evaluate (-72 + 66 - -12) + 0 + -33.
-27
What is the value of 1 + (48 - (12 + 11))?
26
Calculate 15 - (47 + (-17 - (0 + -13))).
-28
What is -9 - (8 + -9 + (4 - -4) + -2)?
-14
What is (0 - -11) + (17 - (3 + -1))?
26
-11 + (6 - (-12 - -7))
0
What is the value of 3 + (-9 + (0 - -7) - 6) - -4?
-1
Calculate 10 + 1 + (4 - 25).
-10
What is the value of -104 + 96 + (1 - 13) - (4 - -1)?
-25
-3 + (5 - (8 + -8)) + (-7 - 6)
-11
What is 1 + 0 - (1 + -9 + -61 + 73)?
-3
Evaluate -206 - -215 - (0 + 9) - (-19 - 2).
21
(-12 - -1) + 4 - -16
9
What is 13 + (-16 - (-18 + 21))?
-6
Calculate -7 + -1 + 10 + (10 - -2 - 0).
14
Evaluate 19 + -29 - (62 - 61 - (1 + 18)).
8
Calculate (-9 - 0) + 26 + -2 + (-8 - 1).
6
What is the value of -18 + (35 - 42 - -21)?
-4
Evaluate -6 + -2 + 10 + -1.
1
What is (5 - 12) + 4 + (12 + -4 - 2)?
3
-28 + (21 - -6) + -9
-10
Calculate -1 + (3 - 1) + 6 + (26 - 46).
-13
Evaluate -4 + 22 + -8 - (-2 + -5 + -15).
32
Evaluate (1 - 4) + 0 + 14.
11
Calculate -6 + 4 + -5 + (-5 - -17) + 17.
22
What is the value of 3 + (-4 - 1) + 0 + 2 + -1?
-1
What is 5 + -15 + 7 - (9 + 2)?
-14
Evaluate 9 - (-8 + (1 - 0) + 24).
-8
What is 0 + -19 + 337 + -318?
0
Evaluate -1 + (-1 - -1) + -6 + 6.
-1
Calculate 13 + -18 + 0 + -1 - -6.
0
What is the value of 15 + (-16 - 17) + 16?
-2
What is 40 + -22 + -69 + 20?
-31
20 + -6 - (1 + -3 + 1)
15
What is the value of (-36 - -41) + (-8 - 2)?
-5
What is the value of 26 + -28 + 17 + 1?
16
What is -19 + (16 - (1 + -1))?
-3
Calculate 6 + 0 + -12 - 9 - (-7 - -2).
-10
3 + (-2 - 9) + 33
25
Evaluate 17 - ((43 - 15) + -36).
25
Evaluate -25 + 9 + 25 + 0.
9
What is -13 + -3 + 27 - 20?
-9
18 + 6 + -6 + (-14 - -15) - 7
12
-11 - (0 - (2 + -5 - (5 - 9)))
-10
-71 - -54 - (-1 + -3)
-13
What is (-23 - -53) + -28 - 7?
-5
Evaluate (9 - (16 + -29 - -11)) + 1.
12
What is the value of 39 + 4 + 0 - (658 + -640)?
25
Evaluate (-10 - -30 - 2) + -12 - (13 - 1).
-6
Evaluate 20 - (-8 + 3 - -17).
8
What is 6 + (-10 - -32) + -15?
13
Evaluate (0 - -9) + -41 + 6 + 31 - 33.
-28
What is 25 + (-75 - -85 - (4 - -1)) - 7?
23
What is (26 - 1) + (9 - (29 + -6)) + 6?
17
What is (60 - 58) + -4 + -4 + -2?
-8
4 - ((1 - 8) + 14 - 9)
6
What is the value of -3 - (-35 + (63 - 18))?
-13
Evaluate 21 - (16 - 6) - (-2 - -4).
9
Calculate -3 + (-16 - -13) + 1.
-5
Calculate (-353 - -313) + (0 - -6) + 8.
-26
What is -19 - (176 + -205) - (0 + 1 + -12)?
21
1 + 9 + -12 + 6 - (6 + -2)
0
Evaluate (-11 - -2) + (10 - 5 - 1).
-5
Evaluate 6 - (-13 + -6 - -4).
21
Calculate (8 - (-3 + 20)) + 16 + -19.
-12
What is (-1 - (0 + -2)) + (34 - 29 - 15)?
-9
What is -14 + (5 - (-4 + (1 - -8)))?
-14
What is 22 - (13 + 30) - (-9 + 2)?
-14
Evaluate (24 + -7 - 4) + 8.
21
Calculate -3 + (6 - 2 - 7) - 0 - 3.
-9
What is 39 - (60 + (5 - 45))?
19
Evaluate 25 - 46 - (-13 + 6) - (-9 + 2).
-7
Evaluate -17 + -37 + 35 - 8.
-27
Evaluate -11 - -5 - (0 + 2 - (3 + 1)).
-4
What is the value of -3 - (-7 + (-2 - (-2 + (-4 - -10))))?
10
5 + (321 - 319 - ((1 - -4) + -2))
4
Evaluate (-16 - -21) + (-5 - -5) + -1 + -21.
-17
Calculate 16 - 6 - (-2 + 5 - 2).
9
Evaluate 108 + -133 - (-2 - 21).
-2
What is the value of -15 - (0 + (17 - (14 - 3)))?
-21
Calculate 8 - (-2 + -5 + (1 - -8 - 0)).
6
Evaluate (0 - -2) + -44 + 45.
3
5 + (1089 - 1086 - ((-2 - -1) + -6))
15
What is 38 - (14 - (7 + (-15 - -5)))?
21
What is the value of -40 - ((16 - 30) + -39)?
13
Evaluate -2 - 12 - (12 - (20 + 4)).
-2
-41 - (-26 + -16 + 43 + -16)
-26
Calculate (-68 - -94) + -9 + -29.
-12
Calculate -11 - ((-21 - -8) + 16).
-14
What is the value of (-56 - -39 - -33) + (-3 - 1)?
12
What is the value of (15 - (-3 - -9) - 10) + 11 + -10?
0
What is 1 + (-20 + 17 - (-12 - 1))?
11
Evaluate -1 + -5 + -27 + 43 - 8.
2
Evaluate 33 - ((15 - 15) + 6).
27
-2 + (-7 - -3) - ((-7 - -5) + -5)
1
Calculate 51 - (44 + 38 + -47).
16
(17 - 2) + -2 - (-35 + -9 - -48)
9
(-12 - 0) + 12 + 6
6
Evaluate (13 - 3) + -10 - (3 + -2 - -4).
-5
Evaluate -79 + 73 + (1 - -15).
10
What is -89 + 89 - (5 - 1 - -1)?
-5
Calculate 20 + (-28 - (6 - 0)).
-14
Calculate -5 + -1 + 2 + 0 + (-9 - -5).
-8
Evaluate -10 - -19 - (17 + -6).
-2
What is the value of 1 + -1 + (-19 - (-7 - 11) - 4)?
-5
14 + -29 + 1 + 5
-9
Calculate -370 + 372 + 0 + 1.
3
-14 - (11 - (-34 - -61))
2
What is -27 + (-17 - -52) - 10?
-2
What is 1 - (-4 + (-5 - (-3 - 0)) + 8)?
-1
-25 + (32 + -1 - 28)
-22
0 + -8 + 1 + 1 - (-134 - -118)
10
0 + 2 + (-29 - -14)
-13
-2 - (9 + -2 - (-38 - -34))
-13
What is the value of 9 - ((-3 - 0) + 6) - (22 + -6)?
-10
Calculate -10 + (10 - (-9 - (-7 + -4 - 0))).
-2
What is the value of 259 + -294 + 17 + 3 + -3?
-18
-6 + (-63 - -71) + 1 + 8 + 0
11
What is -108 + 35 + 36 + 29?
-8
What is (-10 - ((9 - 18) + -5)) + -4?
0
What is -11 + (-8 - -25) - (10 + -5 + 13)?
-12
What is 16 - (28 - 15) - -15?
18
What is the value of 1 - (0 + 1 + -21) - (29 - 24)?
16
What is -798 - -770 - (-1 + 1 - 17)?
-11
What is 9 + 4 + (-3 - 32) + 2 + -3?
-23
What is the value of 7 + (2 - -12) + (-64 - -54) + -5?
6
What is (0 - 6) + (-29 - -51)?
16
Evaluate -10 + (-36 - -10 - (2 + -12)).
-26
Evaluate (12 - 3 - (3 - 1)) + 2 + 2.
11
What is (-14 - (-7 + 6)) + (-8 - -43)?
22
Calculate -19 + 25 + -34 + 21.
-7
Calculate 40 + (-34 - -13 - -10 - 1).
28
-10 + 2 + 2 + (-8 - -5) - -2
-7
-3 - (7 - 1) - (-4 - 2)
-3
Calculate -6 + (4 - 6 - (-5 + 6 + -3)).
-6
Calculate 0 + -9 - (-56 - -43).
4
-5 + 1 + 9 + (-13 + 10 - -1)
3
Evaluate 29 - (9 - (0 + -22)).
-2
(6 - (15 + 2 + 0)) + -25
-36
Evaluate (14 - 7) + -7 + 7 - -14.
21
Evaluate 3 - (7 + (-2 - -2) + -2 - 5).
3
What is (170 - 169) + (0 - -2 - 0)?
3
-19 + 7 + -3 + 5 + 1
-9
What is -20 - (19 - (18 - -10))?
-11
Evaluate (-15 - (0 - 6)) + -18 - -7.
-20
Calculate -3 - -17 - (2 + 11).
1
What is the value of (-12 - -10) + 12 + -1 + -2?
7
Evaluate 7 - ((10 - 6) + -15 + 11).
7
Evaluate 8 - (-4 - -8) - (10 - 3).
-3
Evaluate -3 + 31 + (-725 - -673).
-24
What is (-1 + -9 - -24) + (-2 - -1) + -3?
10
What is 27 + 9 - (40 - 15)?
11
45 + -16 + -16 - 22
-9
What is 7 + (0 - 9) + (0 - 1) + 15?
12
12 - (5 + -11 + -10 + 44)
-16
What is (-2 - -29) + 158 + -181?
4
Calculate -1 - (12 + (-34 - -17)).
4
Calculate 1 - 7 - (3 + (-3 - -16) + -27).
5
Calculate 0 + -7 + -3 - (-33 + 50).
-27
17 + (23 + -11 - 14)
15
Evaluate -13 + (10 - (1 + 8 - 10)) - -14.
12
What is the value of 11 + -2 + (-24 - -29) + -10?
4
What is the value of -9 + 1 - -2 - -3?
-3
Calculate -29 + 8 - (12 + -7 + -5).
-21
What is 2 + -1 + -5 + -10 + 8 + -10?
-16
Calculate -120 + 131 - (23 - 2).
-10
What is the value of (32 - 34) + 11 + 13?
22
(